00
Let b(u) = 953*u - 53346. Determine b(56).
22
Let g(d) = -d**3 + 47*d**2 + 1540*d - 65. Determine g(-22).
-549
Let w(t) = 18*t**2 + 2393*t + 15976. Give w(-7).
107
Let a(n) = 160*n**2 - 62704*n - 188101. What is a(-3)?
1451
Let d(z) = -3*z**3 + 96*z**2 - 35*z + 820. Determine d(32).
-300
Let l(n) = -4*n**2 - 835*n + 26777. What is l(-237)?
-4
Let m(a) = a**3 - 21*a**2 + 224*a - 666. Calculate m(5).
54
Let n(t) = -7405*t - 66652. Calculate n(-9).
-7
Let b(u) = -13904*u + 1724096. Give b(124).
0
Let i(l) = -54*l**2 + 280*l + 80. What is i(6)?
-184
Let s(v) = -646825*v - 1940463. Calculate s(-3).
12
Let k(c) = -c**3 - 30*c**2 + 357*c - 359. Give k(9).
-305
Let f(i) = 8603*i + 498969. Determine f(-58).
-5
Let q(t) = 2*t**2 + 169*t + 2843. Determine q(-16).
651
Let p(k) = 4*k**3 + 19*k**2 - 226*k - 1039. Determine p(-5).
66
Let m(y) = 3*y**3 + 48*y**2 - 1471*y - 23534. Give m(-16).
2
Let p(o) = -6*o**2 + 2032*o - 105479. Give p(64).
-7
Let f(k) = 135*k**2 + 20*k + 23. Calculate f(-1).
138
Let v(q) = 2119*q + 8276. Determine v(-4).
-200
Let b(n) = 10*n**2 - 270*n + 110. What is b(27)?
110
Let q(w) = -175*w**3 - 171*w**2 + 9*w + 10. Determine q(-1).
5
Let f(k) = -29393*k + 19369990. Determine f(659).
3
Let w(d) = d**2 + 627*d - 37078. What is w(54)?
-304
Let t(z) = -486*z - 726. Determine t(-2).
246
Let f(o) = 942*o - 19988. Calculate f(21).
-206
Let z(p) = -76743*p - 228854. What is z(-3)?
1375
Let x(r) = -7430*r - 2756548. What is x(-371)?
-18
Let g(r) = -508*r + 4177. Calculate g(9).
-395
Let v(y) = 4*y**3 - 496*y**2 - 58*y + 7042. What is v(124)?
-150
Let i(p) = 79122*p + 1107668. What is i(-14)?
-40
Let k(q) = 12*q**2 - 4683*q - 18734. Calculate k(-4).
190
Let f(l) = -5*l**2 - 28002*l - 1826353. Determine f(-66).
-1
Let f(g) = -g**3 + 50*g**2 - 3*g + 2738. What is f(51)?
-16
Let n(y) = 3494*y + 20333. Give n(-6).
-631
Let m(x) = x**3 + 79*x**2 + 721*x - 1875. Calculate m(-68).
-39
Let l(n) = n**3 - 9*n**2 - 10242*n + 92223. What is l(9)?
45
Let b(c) = -25*c**2 - 581*c + 440. Determine b(-24).
-16
Let t(b) = b**2 + 544*b - 74815. What is t(114)?
197
Let g(u) = -28560*u - 1085132. Determine g(-38).
148
Let t(a) = -10*a**2 + 394395*a - 1183091. Calculate t(3).
4
Let m(n) = 112*n**2 - 1689*n + 16. What is m(15)?
-119
Let j(l) = -34*l**2 - 1359*l + 206. Give j(-40).
166
Let t(f) = 63*f - 391. What is t(-10)?
-1021
Let w(o) = -2424*o - 38918. Give w(-16).
-134
Let z(n) = -868*n - 62299. Determine z(-72).
197
Let t(r) = -5*r**2 + 85790*r + 343251. What is t(-4)?
11
Let g(d) = -d**3 + 93*d**2 - 1682*d + 2631. What is g(22)?
-9
Let l(s) = -311*s + 22854. Calculate l(77).
-1093
Let x(b) = -7320*b + 7285. Determine x(1).
-35
Let x(l) = -13986*l + 237764. Determine x(17).
2
Let d(z) = -3*z**3 - 1585*z**2 - 520*z + 4227. What is d(-528)?
3
Let g(r) = r**3 + 229*r**2 + 1722*r - 10322. What is g(-221)?
-156
Let p(i) = 108*i**2 + 6936*i + 38946. Calculate p(-58).
-30
Let p(n) = -1374*n - 1336. Give p(-1).
38
Let y(r) = r**3 + 75*r**2 - 1143*r - 53243. Calculate y(-81).
-26
Let i(x) = -7*x**2 - 169*x - 34. What is i(-24)?
-10
Let r(h) = -4874*h - 29950. What is r(-6)?
-706
Let a(s) = 5612*s - 667845. Give a(119).
-17
Let x(g) = 256*g**2 + 3695*g - 31378. Give x(6).
8
Let l(m) = -54*m**3 + 273*m**2 - 89*m + 419. Give l(5).
49
Let j(c) = 210*c**2 + 110*c + 25. Give j(-1).
125
Let l(f) = 1089*f - 14213. Calculate l(12).
-1145
Let y(k) = 34*k**2 - 378*k - 989. What is y(-3)?
451
Let f(y) = 26*y**2 - 1849*y + 32865. Determine f(37).
46
Let c(p) = -4*p**3 + 3794*p**2 - 2405*p + 482538. Calculate c(948).
6
Let y(z) = -2*z**3 + 284*z**2 + 584*z - 812. Calculate y(144).
340
Let j(r) = 21*r**2 + 1651*r + 2641. Calculate j(-77).
23
Let p(h) = -10*h**2 + 167*h - 1530. What is p(8)?
-834
Let f(c) = c**2 + 11*c - 4341. Give f(-65).
-831
Let r(d) = 181*d + 1855. What is r(5)?
2760
Let f(q) = q**2 - 220*q + 6957. Give f(184).
333
Let o(k) = -k**3 + 16*k**2 + 4249*k - 75922. Determine o(18).
-88
Let u(f) = 6*f**3 - 43*f**2 - 14*f + 136. Determine u(8).
344
Let x(i) = -7*i**3 - 93*i**2 - 57*i + 44. Calculate x(-13).
447
Let o(n) = 72*n**2 + 13*n - 34. Calculate o(2).
280
Let y(c) = 2*c**3 + 262*c**2 + 762*c + 28. Determine y(-128).
796
Let u(m) = -22011*m - 902445. What is u(-41)?
6
Let z(y) = -102388*y - 5836088. What is z(-57)?
28
Let d(w) = 110*w - 24426. Calculate d(223).
104
Let x(j) = -2*j**3 - 31*j**2 + 14*j + 548. What is x(-21)?
5105
Let c(b) = -9*b**2 + 14399*b + 115771. Calculate c(-8).
3
Let t(z) = z**3 + 8*z**2 - 35*z - 302. Determine t(-6).
-20
Let n(z) = z**3 + 168*z**2 + 6328*z + 54. Give n(-111).
-57
Let d(n) = -n**3 - 17*n**2 - 12*n + 187. Give d(-14).
-233
Let b(p) = 2191833*p - 15342826. What is b(7)?
5
Let b(o) = 5546*o - 5889865. Determine b(1062).
-13
Let b(f) = 2*f**3 - 98*f**2 + 383*f - 77. What is b(4)?
15
Let a(d) = -6*d**3 + 72*d**2 + 639*d - 7644. What is a(12)?
24
Let i(h) = -h**2 + 537*h - 55334. Determine i(139).
-12
Let k(h) = 2*h**3 + 293*h**2 + 140*h - 1635. Determine k(-146).
-759
Let y(a) = -2465*a + 41933. Determine y(17).
28
Let h(n) = -8057*n + 41352. Determine h(5).
1067
Let j(x) = 2*x**3 - 43*x**2 - 156*x + 134. Determine j(24).
-730
Let v(l) = 138*l - 1107. What is v(9)?
135
Let a(q) = -q**2 + 35*q + 412. Determine a(54).
-614
Let k(z) = 4*z**3 - 92*z**2 + 514*z - 361. Give k(15).
149
Let o(u) = -3*u**3 + 8*u**2 - 596*u - 3546. Determine o(-6).
966
Let d(f) = -2*f**3 - 124*f**2 + 272*f + 1027. Give d(-64).
3
Let l(d) = 2*d**2 - 273*d + 1725. Calculate l(129).
-210
Let u(c) = -2*c**3 + 144*c**2 - 130*c + 9364. Give u(72).
4
Let i(n) = -n**3 + 6*n**2 - 646*n + 3881. Give i(6).
5
Let z(v) = -2*v**2 + 562*v + 11402. Give z(300).
2
Let h(o) = 3*o**3 - 5*o**2 - 13*o + 24. What is h(2)?
2
Let c(b) = b**3 + 64*b**2 - 3845*b + 2920. Calculate c(-102).
-242
Let v(l) = 668*l - 82155. Give v(123).
9
Let m(s) = -s**2 - 513*s + 118669. Calculate m(-686).
-9
Let t(c) = -26*c**2 - 1601*c + 634. Calculate t(-62).
-48
Let d(s) = 2*s**3 - 5*s**2 + 407*s - 1980. What is d(5)?
180
Let j(s) = 2*s**3 - 897*s**2 + 4853*s + 8863. What is j(443)?
3
Let c(m) = -150*m - 22624. Calculate c(-152).
176
Let p(x) = -x**3 - 7*x**2 - 6*x + 112. Give p(5).
-218
Let x(b) = -6441*b + 64387. Give x(10).
-23
Let w(o) = 19214*o + 384291. Determine w(-20).
11
Let w(t) = -699*t + 7730. Calculate w(11).
41
Let t(i) = -2815*i + 4546. Calculate t(-1).
7361
Let m(u) = -749*u + 214963. Calculate m(287).
0
Let f(t) = 8949*t + 286390. Determine f(-32).
22
Let a(y) = -478*y - 18069. Give a(-38).
95
Let p(w) = -4*w**2 - 520*w - 204. Give p(-124).
2772
Let m(l) = l**3 + 152*l**2 + 3463*l + 10918. Determine m(-125).
-82
Let l(r) = 145*r**2 - 270*r - 328. Give l(4).
912
Let k(w) = -20*w**3 + 35*w**2 - 41*w + 133. What is k(3)?
-215
Let p(n) = 690*n - 44673. Give p(64).
-513
Let r(x) = -8378*x + 25126. What is r(3)?
-8
Let h(x) = -2061*x**2 - 41221*x - 56. Calculate h(-20).
-36
Let h(l) = 6*l - 637. Give h(123).
101
Let f(r) = -2*r**2 + 160*r + 2567. Calculate f(-13).
149
Let o(p) = -5*p**3 + 41*p**2 - 445*p + 3485. Determine o(8).
-11
Let i(q) = 5*q**2 + 496*q + 922. What is i(-97)?
-145
Let f(a) = 4610*a + 58852. Calculate f(-13).
-1078
Let d(m) = -2415*m**2 + 3057*m - 3058. Give d(1).
-2416
Let o(d) = -588077*d - 13525767. Determine o(-23).
4
Let i(p) = -4*p**3 + 70*p**2 - 234*p - 115. Give i(12).
245
Let u(d) = -17*d**2 - 13067*d - 73240. Give u(-763).
8
Let r(v) = v**2 - 336*v - 84002. Determine r(-167).
-1
Let d(j) = -51*j - 3535. Determine d(-49).
-1036
Let m(k) = 3*k**3 - 178*k**2 - 6*k + 13809. Calculate m(58).
5
Let r(a) = -49000*a + 3675001. Determine r(75).
1
Let r(q) = -q**2 - 2502*q + 621. What is r(0)?
621
Let p(d) = 4*d**2 - 1063*d + 34410. Determine p(228).
-18
Let c(h) = 3*h**2 + 83*h - 457. What is c(-34)?
189
Let b(n) = 6*n**2 - 258*n - 99. What is b(39)?
-1035
Let l(g) = 5*g**2 + 876*g + 33062. Determine l(-55).
7
Let q(t) = -26769*t - 8994376. Calculate q(-336).
8
Let d(z) = 2244*z**2 + 4493*z + 6. Determine d(-2).
-4
Let z(r) = -772*r**3 + 10810*r**2 - 11*r - 273. Determine z(14).
-35
Let c(q) = 2*q**3 - 205*q**2 - 303*q - 66. Determine c(104).
870
Let l(k) = 4178*k + 167383. What is l(-40)?
263
Let x(a) = a**3 - 58*a**2 + 11*a - 218. Determine x(0).
-218
Let j(